{"id":201,"date":"2026-01-10T15:45:12","date_gmt":"2026-01-10T15:45:12","guid":{"rendered":"https:\/\/www.montessori-bergerac.com\/?page_id=201"},"modified":"2026-01-11T16:23:39","modified_gmt":"2026-01-11T16:23:39","slug":"lequipe","status":"publish","type":"page","link":"http:\/\/www.montessori-bergerac.com\/?page_id=201","title":{"rendered":"L&rsquo;\u00e9quipe"},"content":{"rendered":"\n<hr class=\"wp-block-separator has-alpha-channel-opacity\"\/>\n\n\n\n<blockquote class=\"wp-block-quote is-layout-flow wp-block-quote-is-layout-flow\">\n<p><em>Malgr\u00e9 des dipl\u00f4mes et de solides exp\u00e9riences aupr\u00e8s des enfants\u2026.l\u2019\u00e9quipe p\u00e9dagogique est en perp\u00e9tuelle formation et apprend toujours !<\/em><\/p>\n<\/blockquote>\n\n\n\n<div class=\"wp-block-columns is-layout-flex wp-container-core-columns-is-layout-9d6595d7 wp-block-columns-is-layout-flex\">\n<div class=\"wp-block-column is-layout-flow wp-block-column-is-layout-flow\">\n<p>L\u2019\u00e9cole de Bergerac a choisi d\u2019avoir des \u00e9ducateurs form\u00e9s AMI, les assistants sont soit dipl\u00f4m\u00e9es d\u2019\u00e9tat (EJE) ou anglophone. Leur formation est permanente et leur pr\u00e9sence continue aupr\u00e8s des \u00e9ducateurs est un grand avantage : chaque \u00e9ducateur s\u2019investit ainsi dans des pr\u00e9sentations pendant que son assistant peut \u00eatre dans l\u2019observation ou la gestion du groupe.<\/p>\n\n\n\n<p>Les enfants appr\u00e9cient cette dualit\u00e9 et la pr\u00e9sence de 2 adultes \u00e0 leurs c\u00f4t\u00e9s. Une \u00e9ventuelle absence ou maladie d\u2019un membre du bin\u00f4me ne bloque pas les apprentissages, les 2 travaillant en \u00e9troite collaboration !<\/p>\n<\/div>\n<\/div>\n\n\n\n<div class=\"wp-block-group\"><div class=\"wp-block-group__inner-container is-layout-constrained wp-block-group-is-layout-constrained\">\n<hr class=\"wp-block-separator has-alpha-channel-opacity\"\/>\n\n\n\n<blockquote class=\"wp-block-quote is-layout-flow wp-block-quote-is-layout-flow\">\n<p>Les 3-6 ans : une solide \u00e9quipe de 3 professionnels pour g\u00e9rer un peu moins de 30 enfants<\/p>\n<\/blockquote>\n\n\n\n<div class=\"wp-block-columns is-layout-flex wp-container-core-columns-is-layout-9d6595d7 wp-block-columns-is-layout-flex\">\n<div class=\"wp-block-column is-layout-flow wp-block-column-is-layout-flow\">\n<p class=\"has-text-align-center\"><strong>FEYTE Thibault<\/strong><\/p>\n<\/div>\n\n\n\n<div class=\"wp-block-column is-layout-flow wp-block-column-is-layout-flow\">\n<p class=\"has-text-align-center\"><strong><strong><strong>ROCHE L\u00e9a<\/strong><\/strong><\/strong><\/p>\n<\/div>\n\n\n\n<div class=\"wp-block-column is-layout-flow wp-block-column-is-layout-flow\">\n<p class=\"has-text-align-center\"><strong>BOURQUIN Oc\u00e9ane<\/strong><\/p>\n<\/div>\n<\/div>\n\n\n\n<div class=\"wp-block-columns is-layout-flex wp-container-core-columns-is-layout-9d6595d7 wp-block-columns-is-layout-flex\">\n<div class=\"wp-block-column is-layout-flow wp-block-column-is-layout-flow\">\n<p class=\"has-text-align-center\"><strong>Educateur AMI 3-6 ans<\/strong><\/p>\n<\/div>\n\n\n\n<div class=\"wp-block-column is-layout-flow wp-block-column-is-layout-flow\">\n<p class=\"has-text-align-center\"><strong>Educatrice AMI 3-6 ans<\/strong><\/p>\n<\/div>\n\n\n\n<div class=\"wp-block-column is-layout-flow wp-block-column-is-layout-flow\">\n<p class=\"has-text-align-center\"><\/p>\n<\/div>\n<\/div>\n\n\n\n<div class=\"wp-block-columns is-layout-flex wp-container-core-columns-is-layout-9d6595d7 wp-block-columns-is-layout-flex\">\n<div class=\"wp-block-column is-layout-flow wp-block-column-is-layout-flow\">\n<p class=\"has-text-align-center\">Il nous a rejoint d\u00e8s 2015 pour g\u00e9rer le groupe des 3-6 ans avec B\u00e9rang\u00e8re.<\/p>\n<\/div>\n\n\n\n<div class=\"wp-block-column is-layout-flow wp-block-column-is-layout-flow\">\n<p class=\"has-text-align-center\"> L\u00e9a nous a rejoint pour notre plus grand plaisir en 2021.<\/p>\n<\/div>\n\n\n\n<div class=\"wp-block-column is-layout-flow wp-block-column-is-layout-flow\">\n<p class=\"has-text-align-center\">Oc\u00e9ane, arriv\u00e9e \u00e0 la rentr\u00e9e 2024 est le troisi\u00e8me maillon de cette maison des enfants.<\/p>\n<\/div>\n<\/div>\n<\/div><\/div>\n\n\n\n<div class=\"wp-block-group\"><div class=\"wp-block-group__inner-container is-layout-constrained wp-block-group-is-layout-constrained\">\n<hr class=\"wp-block-separator has-alpha-channel-opacity\"\/>\n\n\n\n<blockquote class=\"wp-block-quote is-layout-flow wp-block-quote-is-layout-flow\">\n<p>Les 6-9 et  9-12 ans : 2 classes distinctes pour l&rsquo;\u00e9l\u00e9mentaire<\/p>\n<\/blockquote>\n\n\n\n<div class=\"wp-block-columns is-layout-flex wp-container-core-columns-is-layout-9d6595d7 wp-block-columns-is-layout-flex\">\n<div class=\"wp-block-column is-layout-flow wp-block-column-is-layout-flow\">\n<p class=\"has-text-align-center\"><strong><strong><strong>SOUCADAUCH Mathieu<\/strong><\/strong><\/strong><\/p>\n<\/div>\n\n\n\n<div class=\"wp-block-column is-layout-flow wp-block-column-is-layout-flow\">\n<p class=\"has-text-align-center\"><strong>NITTEL B\u00e9rang\u00e8re<\/strong><\/p>\n<\/div>\n\n\n\n<div class=\"wp-block-column is-layout-flow wp-block-column-is-layout-flow\">\n<p class=\"has-text-align-center\"><strong>DELPEY Sascha<\/strong><\/p>\n<\/div>\n<\/div>\n\n\n\n<div class=\"wp-block-columns is-layout-flex wp-container-core-columns-is-layout-9d6595d7 wp-block-columns-is-layout-flex\">\n<div class=\"wp-block-column is-layout-flow wp-block-column-is-layout-flow\">\n<p class=\"has-text-align-center\"><strong>Educateur AMI 6-12 ans<\/strong><\/p>\n\n\n\n<p>Responsable ambiance 6-9 ans<\/p>\n<\/div>\n\n\n\n<div class=\"wp-block-column is-layout-flow wp-block-column-is-layout-flow\">\n<p class=\"has-text-align-center\"><strong>Educatrice AMI 3-6 &amp; 6-12 ans<\/strong><\/p>\n\n\n\n<p>Responsable ambiance 9-12 ans<\/p>\n<\/div>\n\n\n\n<div class=\"wp-block-column is-layout-flow wp-block-column-is-layout-flow\">\n<p class=\"has-text-align-center\"><strong>Artiste ET anglaise<\/strong><\/p>\n<\/div>\n<\/div>\n\n\n\n<div class=\"wp-block-columns is-layout-flex wp-container-core-columns-is-layout-9d6595d7 wp-block-columns-is-layout-flex\">\n<div class=\"wp-block-column is-layout-flow wp-block-column-is-layout-flow\">\n<p class=\"has-text-align-center\">Ancien professeur des \u00e9coles reconverti, il b\u00e9n\u00e9ficie d\u2019une solide exp\u00e9rience avec les enfants et apporte de nombreux compl\u00e9ments \u00e0 l\u2019\u00e9quipe.<\/p>\n<\/div>\n\n\n\n<div class=\"wp-block-column is-layout-flow wp-block-column-is-layout-flow\">\n<p class=\"has-text-align-center\">Forte de plusieurs exp\u00e9riences d\u2019enseignement \u00e0 l\u2019\u00e9tranger, aupr\u00e8s d\u2019enfants en difficult\u00e9 ou non, elle est la directrice p\u00e9dagogique de l\u2019\u00e9cole.<\/p>\n<\/div>\n\n\n\n<div class=\"wp-block-column is-layout-flow wp-block-column-is-layout-flow\">\n<p class=\"has-text-align-center\">Elle est l\u2019artiste de l\u2019\u00e9quipe et l\u2019aide indispensable aux enseignements anglophones. Les enfants ont ainsi l\u2019oreille form\u00e9e au bon accent !!<\/p>\n<\/div>\n<\/div>\n<\/div><\/div>\n\n\n<div class=\"wp-block-group\"><div class=\"wp-block-group__inner-container is-layout-constrained wp-block-group-is-layout-constrained\">\n<div class=\"wp-block-columns is-layout-flex wp-container-core-columns-is-layout-9d6595d7 wp-block-columns-is-layout-flex\">\n<div class=\"wp-block-column is-layout-flow wp-block-column-is-layout-flow\">\n<hr class=\"wp-block-separator has-text-color has-alpha-channel-opacity has-background is-style-wide\" style=\"background-color:#ad2117;color:#ad2117\"\/>\n<\/div>\n<\/div>\n\n\n\n<div class=\"wp-block-columns is-layout-flex wp-container-core-columns-is-layout-9d6595d7 wp-block-columns-is-layout-flex\">\n<div class=\"wp-block-column is-layout-flow wp-block-column-is-layout-flow\">\n<div class=\"wp-block-media-text has-media-on-the-right is-stacked-on-mobile is-vertically-aligned-center is-image-fill-element has-white-background-color has-background\" style=\"grid-template-columns:auto 26%\"><div class=\"wp-block-media-text__content\">\n<p class=\"has-text-align-right has-text-color has-link-color has-medium-font-size wp-elements-6eb2ff5d6aa550344e375e672ec61e44\" style=\"color:#ad2117\"><strong>Ecole Montessori de Bergerac<\/strong><\/p>\n\n\n\n<p class=\"has-text-align-right has-black-color has-text-color has-link-color has-small-font-size wp-elements-1447047317f1a2f8da5c4a3ef9239904\">Chemin de Port de Clautre<br>24100 Bergerac<br>T\u00e9l : 06 86 83 94 97<br>Email : contact@montessori-bergerac.com<\/p>\n<\/div><figure class=\"wp-block-media-text__media\"><img loading=\"lazy\" decoding=\"async\" width=\"1024\" height=\"1024\" src=\"http:\/\/www.montessori-bergerac.com\/wp-content\/uploads\/2026\/01\/Logo-EMB-vertical-2-1024x1024.png\" alt=\"\" class=\"wp-image-321 size-full\" style=\"object-position:50% 50%\" srcset=\"http:\/\/www.montessori-bergerac.com\/wp-content\/uploads\/2026\/01\/Logo-EMB-vertical-2-1024x1024.png 1024w, http:\/\/www.montessori-bergerac.com\/wp-content\/uploads\/2026\/01\/Logo-EMB-vertical-2-300x300.png 300w, http:\/\/www.montessori-bergerac.com\/wp-content\/uploads\/2026\/01\/Logo-EMB-vertical-2-150x150.png 150w, http:\/\/www.montessori-bergerac.com\/wp-content\/uploads\/2026\/01\/Logo-EMB-vertical-2-768x768.png 768w, http:\/\/www.montessori-bergerac.com\/wp-content\/uploads\/2026\/01\/Logo-EMB-vertical-2-230x230.png 230w, http:\/\/www.montessori-bergerac.com\/wp-content\/uploads\/2026\/01\/Logo-EMB-vertical-2.png 1081w\" sizes=\"auto, (max-width: 1024px) 100vw, 1024px\" \/><\/figure><\/div>\n<\/div>\n<\/div>\n<\/div><\/div>\n","protected":false},"excerpt":{"rendered":"<p>Malgr\u00e9 des dipl\u00f4mes et de solides exp\u00e9riences aupr\u00e8s des enfants\u2026.l\u2019\u00e9quipe p\u00e9dagogique est en perp\u00e9tuelle formation et apprend toujours ! L\u2019\u00e9cole de Bergerac a choisi d\u2019avoir des \u00e9ducateurs form\u00e9s AMI, les assistants sont soit dipl\u00f4m\u00e9es d\u2019\u00e9tat (EJE) ou anglophone. Leur formation&hellip; <\/p>\n","protected":false},"author":1,"featured_media":0,"parent":0,"menu_order":0,"comment_status":"closed","ping_status":"closed","template":"","meta":{"footnotes":""},"class_list":["post-201","page","type-page","status-publish","hentry"],"_links":{"self":[{"href":"http:\/\/www.montessori-bergerac.com\/index.php?rest_route=\/wp\/v2\/pages\/201","targetHints":{"allow":["GET"]}}],"collection":[{"href":"http:\/\/www.montessori-bergerac.com\/index.php?rest_route=\/wp\/v2\/pages"}],"about":[{"href":"http:\/\/www.montessori-bergerac.com\/index.php?rest_route=\/wp\/v2\/types\/page"}],"author":[{"embeddable":true,"href":"http:\/\/www.montessori-bergerac.com\/index.php?rest_route=\/wp\/v2\/users\/1"}],"replies":[{"embeddable":true,"href":"http:\/\/www.montessori-bergerac.com\/index.php?rest_route=%2Fwp%2Fv2%2Fcomments&post=201"}],"version-history":[{"count":6,"href":"http:\/\/www.montessori-bergerac.com\/index.php?rest_route=\/wp\/v2\/pages\/201\/revisions"}],"predecessor-version":[{"id":359,"href":"http:\/\/www.montessori-bergerac.com\/index.php?rest_route=\/wp\/v2\/pages\/201\/revisions\/359"}],"wp:attachment":[{"href":"http:\/\/www.montessori-bergerac.com\/index.php?rest_route=%2Fwp%2Fv2%2Fmedia&parent=201"}],"curies":[{"name":"wp","href":"https:\/\/api.w.org\/{rel}","templated":true}]}}