{"id":119,"date":"2026-01-03T15:06:09","date_gmt":"2026-01-03T15:06:09","guid":{"rendered":"https:\/\/montessori-bergerac.com\/?page_id=119"},"modified":"2026-01-28T15:39:33","modified_gmt":"2026-01-28T15:39:33","slug":"tarifs","status":"publish","type":"page","link":"http:\/\/www.montessori-bergerac.com\/?page_id=119","title":{"rendered":"Tarifs"},"content":{"rendered":"\n<hr class=\"wp-block-separator has-alpha-channel-opacity\"\/>\n\n\n\n<blockquote class=\"wp-block-quote is-layout-flow wp-block-quote-is-layout-flow\">\n<p>Il est bon de rappeler que<strong>&nbsp;l\u2019\u00e9cole n\u2019est pas gratuite<\/strong>, que ce soit pour l\u2019\u00e9ducation nationale ou les \u00e9coles priv\u00e9es. Vous participez d\u2019ailleurs \u00e0 ce co\u00fbt au travers de vos imp\u00f4ts, que vous soyez imposables ou pas.<\/p>\n<\/blockquote>\n\n\n\n<div class=\"wp-block-columns is-layout-flex wp-container-core-columns-is-layout-9d6595d7 wp-block-columns-is-layout-flex\">\n<div class=\"wp-block-column is-layout-flow wp-block-column-is-layout-flow\">\n<p>Le co\u00fbt d\u2019une scolarit\u00e9 Montessori n\u2019y \u00e9chappe donc pas mais elle est inf\u00e9rieur au co\u00fbt de l\u2019\u00e9cole classique !<\/p>\n\n\n\n<p>En 2019&nbsp;<strong>ce co\u00fbt dans l\u2019\u00e9ducation nationale&nbsp;est estim\u00e9 \u00e0 7 110\u20ac par an&nbsp;pour un enfant de maternelle et 6 940\u20ac en primaire<\/strong> (source minist\u00e8re : <a href=\"https:\/\/www.education.gouv.fr\/le-budget-et-les-finances-du-systeme-educatif-89252\">https:\/\/www.education.gouv.fr\/le-budget-et-les-finances-du-systeme-educatif-89252<\/a>). Il n&rsquo;est \u00ab\u00a0que\u00a0\u00bb de <strong>4 250 \u20ac \u00e0 l\u2019\u00e9cole Montessori de Bergerac<\/strong>\u2026.<\/p>\n\n\n\n<p>L\u2019\u00e9cole Montessori de Bergerac est une \u00e9cole priv\u00e9e hors-contrat.<\/p>\n\n\n\n<p>Cela signifie donc qu\u2019elle est ind\u00e9pendante et&nbsp;<strong>ne re\u00e7oit aucune aide ou subvention de l\u2019\u00e9tat<\/strong>. Nous devons donc couvrir les charges de loyer, salaires, mat\u00e9riels et autres frais en nous appuyant sur les parents. C\u2019est donc clairement un choix fort et un acte militant que vous faites pour votre enfant avec le choix d\u2019une autre \u00e9ducation, d\u2019un respect de votre enfant et de ses rythmes.<\/p>\n<\/div>\n<\/div>\n\n\n\n<div class=\"wp-block-columns alignwide is-layout-flex wp-container-core-columns-is-layout-829b1d53 wp-block-columns-is-layout-flex\" style=\"margin-bottom:0\">\n<div class=\"wp-block-column has-text-color has-background has-link-color wp-elements-4e94d39be49b374ae319cc34c6e720e4 is-layout-flow wp-block-column-is-layout-flow\" style=\"color:#000000;background-color:#f5d647;padding-top:2em;padding-right:2em;padding-bottom:2em;padding-left:2em\">\n<h3 class=\"wp-block-heading\" id=\"single\" style=\"font-size:40px\"><strong><strong><em>Inscription<\/em><\/strong><\/strong><\/h3>\n\n\n\n<p class=\"has-normal-font-size\" style=\"line-height:1.5\">Frais de dossier, du mat\u00e9riel d\u2019entretien d\u2019usage, et du mat\u00e9riel scolaire n\u00e9cessaire au travail de l\u2019ann\u00e9e fournis par l\u2019\u00e9cole.<\/p>\n\n\n\n<hr class=\"wp-block-separator has-text-color has-css-opacity has-background is-style-wide\" style=\"background-color:#000000;color:#000000\"\/>\n\n\n\n<ul class=\"wp-block-list has-normal-font-size\">\n<li>250\u20ac pour un 1er enfant<\/li>\n\n\n\n<li>150\u20ac pour le 2\u00e8me enfant<\/li>\n<\/ul>\n\n\n\n<div class=\"wp-block-buttons alignfull is-horizontal is-content-justification-center is-layout-flex wp-container-core-buttons-is-layout-499968f5 wp-block-buttons-is-layout-flex\">\n<div class=\"wp-block-button has-custom-width wp-block-button__width-100\"><a class=\"wp-block-button__link has-white-color has-text-color has-background no-border-radius wp-element-button\" style=\"background-color:#ad2117\">250\u20ac \/ an<\/a><\/div>\n<\/div>\n<\/div>\n\n\n\n<div class=\"wp-block-column has-text-color has-background has-link-color wp-elements-9be311f901359efc9f118ebb0203e8d3 is-layout-flow wp-block-column-is-layout-flow\" style=\"color:#000000;background-color:#f18d81;padding-top:2em;padding-right:2em;padding-bottom:2em;padding-left:2em\">\n<h3 class=\"wp-block-heading\" id=\"family\" style=\"font-size:40px\"><strong><em>Ecolage<\/em><\/strong><\/h3>\n\n\n\n<p class=\"has-normal-font-size\" style=\"line-height:1.5\">Il est sur <strong>10 mois seulement<\/strong> et peut \u00eatre pay\u00e9e sur 12 sur demande.<\/p>\n\n\n\n<p class=\"has-normal-font-size\" style=\"line-height:1.5\"><strong><strong>L&rsquo;\u00e9cole est d\u00e9gressif pour les fratrie<\/strong><\/strong>s<\/p>\n\n\n\n<hr class=\"wp-block-separator has-text-color has-css-opacity has-background is-style-wide\" style=\"background-color:#000000;color:#000000\"\/>\n\n\n\n<ul class=\"wp-block-list has-normal-font-size\">\n<li>400\u20ac par mois sur 10 mois pour un enfant<\/li>\n\n\n\n<li>300\u20ac pour le 2\u00e8me enfant<\/li>\n\n\n\n<li>200\u20ac pour le 3\u00e8me &#8230;<\/li>\n<\/ul>\n\n\n\n<div class=\"wp-block-buttons alignfull is-horizontal is-content-justification-center is-layout-flex wp-container-core-buttons-is-layout-499968f5 wp-block-buttons-is-layout-flex\">\n<div class=\"wp-block-button has-custom-width wp-block-button__width-100 is-style-fill\"><a class=\"wp-block-button__link has-white-color has-text-color has-background no-border-radius wp-element-button\" style=\"background-color:#ad2117\">400\u20ac \/ 10 mois<\/a><\/div>\n<\/div>\n<\/div>\n\n\n\n<div class=\"wp-block-column has-text-color has-background has-link-color wp-elements-bbe678d60152cb9baca11bf6fca03d28 is-layout-flow wp-block-column-is-layout-flow\" style=\"color:#000000;background-color:#ea5b4c;padding-top:2em;padding-right:2em;padding-bottom:2em;padding-left:2em\">\n<h3 class=\"wp-block-heading\" id=\"patron\" style=\"font-size:40px\"><strong><em>Garderie<\/em><\/strong><\/h3>\n\n\n\n<p class=\"has-normal-font-size\">En dehors des temps scolaires, pour aider les parents selon leurs horaires, nous pouvons garder vos enfants<\/p>\n\n\n\n<hr class=\"wp-block-separator has-text-color has-css-opacity has-background is-style-wide\" style=\"background-color:#000000;color:#000000\"\/>\n\n\n\n<ul class=\"wp-block-list has-normal-font-size\">\n<li>A la journ\u00e9e <\/li>\n\n\n\n<li>Forfait mensuel<\/li>\n\n\n\n<li>Forfait annuel<\/li>\n<\/ul>\n\n\n\n<div class=\"wp-block-buttons alignfull is-horizontal is-content-justification-center is-layout-flex wp-container-core-buttons-is-layout-499968f5 wp-block-buttons-is-layout-flex\">\n<div class=\"wp-block-button has-custom-width wp-block-button__width-100\"><a class=\"wp-block-button__link has-white-color has-text-color has-background no-border-radius wp-element-button\" style=\"background-color:#ad2117\">8\u20ac \/ jour<\/a><\/div>\n<\/div>\n\n\n\n<div style=\"height:11px\" aria-hidden=\"true\" class=\"wp-block-spacer\"><\/div>\n\n\n\n<div class=\"wp-block-buttons alignfull is-horizontal is-content-justification-center is-layout-flex wp-container-core-buttons-is-layout-499968f5 wp-block-buttons-is-layout-flex\">\n<div class=\"wp-block-button has-custom-width wp-block-button__width-100\"><a class=\"wp-block-button__link has-white-color has-text-color has-background no-border-radius wp-element-button\" style=\"background-color:#ad2117\">80\u20ac \/ mois<\/a><\/div>\n<\/div>\n\n\n\n<div style=\"height:11px\" aria-hidden=\"true\" class=\"wp-block-spacer\"><\/div>\n\n\n\n<div class=\"wp-block-buttons alignfull has-background is-horizontal is-content-justification-center is-layout-flex wp-container-core-buttons-is-layout-499968f5 wp-block-buttons-is-layout-flex\" style=\"background-color:#298c99\">\n<div class=\"wp-block-button has-custom-width wp-block-button__width-100\"><a class=\"wp-block-button__link has-white-color has-text-color has-background no-border-radius wp-element-button\" style=\"background-color:#ad2117\">700\u20ac \/ an<\/a><\/div>\n<\/div>\n<\/div>\n<\/div>\n\n\n\n<p><\/p>\n\n\n\n<div class=\"wp-block-group\"><div class=\"wp-block-group__inner-container is-layout-constrained wp-block-group-is-layout-constrained\">\n<div class=\"wp-block-columns is-layout-flex wp-container-core-columns-is-layout-9d6595d7 wp-block-columns-is-layout-flex\">\n<div class=\"wp-block-column is-layout-flow wp-block-column-is-layout-flow\">\n<hr class=\"wp-block-separator has-text-color has-alpha-channel-opacity has-background is-style-wide\" style=\"background-color:#ad2117;color:#ad2117\"\/>\n<\/div>\n<\/div>\n\n\n\n<div class=\"wp-block-columns is-layout-flex wp-container-core-columns-is-layout-9d6595d7 wp-block-columns-is-layout-flex\">\n<div class=\"wp-block-column is-layout-flow wp-block-column-is-layout-flow\">\n<div class=\"wp-block-media-text has-media-on-the-right is-stacked-on-mobile is-vertically-aligned-center is-image-fill-element has-white-background-color has-background\" style=\"grid-template-columns:auto 26%\"><div class=\"wp-block-media-text__content\">\n<p class=\"has-text-align-right has-text-color has-link-color has-medium-font-size wp-elements-6eb2ff5d6aa550344e375e672ec61e44\" style=\"color:#ad2117\"><strong>Ecole Montessori de Bergerac<\/strong><\/p>\n\n\n\n<p class=\"has-text-align-right has-black-color has-text-color has-link-color has-small-font-size wp-elements-1447047317f1a2f8da5c4a3ef9239904\">Chemin de Port de Clautre<br>24100 Bergerac<br>T\u00e9l : 06 86 83 94 97<br>Email : contact@montessori-bergerac.com<\/p>\n<\/div><figure class=\"wp-block-media-text__media\"><img loading=\"lazy\" decoding=\"async\" width=\"1024\" height=\"1024\" src=\"http:\/\/www.montessori-bergerac.com\/wp-content\/uploads\/2026\/01\/Logo-EMB-vertical-2-1024x1024.png\" alt=\"\" class=\"wp-image-321 size-full\" style=\"object-position:50% 50%\" srcset=\"http:\/\/www.montessori-bergerac.com\/wp-content\/uploads\/2026\/01\/Logo-EMB-vertical-2-1024x1024.png 1024w, http:\/\/www.montessori-bergerac.com\/wp-content\/uploads\/2026\/01\/Logo-EMB-vertical-2-300x300.png 300w, http:\/\/www.montessori-bergerac.com\/wp-content\/uploads\/2026\/01\/Logo-EMB-vertical-2-150x150.png 150w, http:\/\/www.montessori-bergerac.com\/wp-content\/uploads\/2026\/01\/Logo-EMB-vertical-2-768x768.png 768w, http:\/\/www.montessori-bergerac.com\/wp-content\/uploads\/2026\/01\/Logo-EMB-vertical-2-230x230.png 230w, http:\/\/www.montessori-bergerac.com\/wp-content\/uploads\/2026\/01\/Logo-EMB-vertical-2.png 1081w\" sizes=\"auto, (max-width: 1024px) 100vw, 1024px\" \/><\/figure><\/div>\n<\/div>\n<\/div>\n<\/div><\/div>\n","protected":false},"excerpt":{"rendered":"<p>Il est bon de rappeler que&nbsp;l\u2019\u00e9cole n\u2019est pas gratuite, que ce soit pour l\u2019\u00e9ducation nationale ou les \u00e9coles priv\u00e9es. Vous participez d\u2019ailleurs \u00e0 ce co\u00fbt au travers de vos imp\u00f4ts, que vous soyez imposables ou pas. Le co\u00fbt d\u2019une scolarit\u00e9&hellip; <\/p>\n","protected":false},"author":1,"featured_media":0,"parent":0,"menu_order":0,"comment_status":"closed","ping_status":"closed","template":"","meta":{"footnotes":""},"class_list":["post-119","page","type-page","status-publish","hentry"],"_links":{"self":[{"href":"http:\/\/www.montessori-bergerac.com\/index.php?rest_route=\/wp\/v2\/pages\/119","targetHints":{"allow":["GET"]}}],"collection":[{"href":"http:\/\/www.montessori-bergerac.com\/index.php?rest_route=\/wp\/v2\/pages"}],"about":[{"href":"http:\/\/www.montessori-bergerac.com\/index.php?rest_route=\/wp\/v2\/types\/page"}],"author":[{"embeddable":true,"href":"http:\/\/www.montessori-bergerac.com\/index.php?rest_route=\/wp\/v2\/users\/1"}],"replies":[{"embeddable":true,"href":"http:\/\/www.montessori-bergerac.com\/index.php?rest_route=%2Fwp%2Fv2%2Fcomments&post=119"}],"version-history":[{"count":19,"href":"http:\/\/www.montessori-bergerac.com\/index.php?rest_route=\/wp\/v2\/pages\/119\/revisions"}],"predecessor-version":[{"id":373,"href":"http:\/\/www.montessori-bergerac.com\/index.php?rest_route=\/wp\/v2\/pages\/119\/revisions\/373"}],"wp:attachment":[{"href":"http:\/\/www.montessori-bergerac.com\/index.php?rest_route=%2Fwp%2Fv2%2Fmedia&parent=119"}],"curies":[{"name":"wp","href":"https:\/\/api.w.org\/{rel}","templated":true}]}}